 common factor of g and 35?
5
Suppose -a = -5*n + 6, 2*a + 5*n - 18 = -0*a. Suppose -3*z - 11 = -a*d, -z + 4*z + 20 = -5*d. Let g = 10 - z. Calculate the greatest common factor of g and 3.
3
Suppose 3*l - 15 = -0. Suppose 2*k + 14 = -4*r + l*r, 31 = 2*r - 5*k. Let x(f) = 63*f**2 + f. Let v be x(1). Calculate the highest common factor of r and v.
8
Suppose 6*t - 251 - 61 = 0. What is the highest common factor of 4 and t?
4
Let d = -16 + 25. Calculate the greatest common divisor of 9 and d.
9
Suppose -h - 8 = -3*j + 2, 20 = 5*j - h. Suppose -j*t + 131 + 19 = 0. What is the highest common divisor of 10 and t?
10
Let l = -26 + 41. Suppose 0 = v + 3*b - 3, 4*v + b - 12 = -b. Suppose k - v*k + 30 = 0. What is the highest common factor of k and l?
15
Let m(q) = -q**2 - 4*q - 10. Let p be m(-4). Let b be (-70)/(-9) - p/45. Let i = -18 - -106. Calculate the highest common divisor of i and b.
8
Let n be (50/1)/((-5)/(25/(-10))). What is the highest common divisor of n and 5?
5
Let p be 1 + (1 - 1) - -14. Suppose 4*c = -0*c - 3*z - 27, -3*c + 5*z - 42 = 0. Let f = p + c. What is the greatest common factor of 18 and f?
6
Let s(p) = 4*p**2 + 2*p - 6. Let f(y) = -y**2 - y + 1. Let g(x) = 3*f(x) + s(x). Let n be g(-5). Let a = 3 - 0. What is the greatest common divisor of a and n?
3
Suppose -6 = -3*b - 15. Let n be (3 - -12)/b - 1. Let q be (3 + n)*32/(-6). What is the highest common divisor of 16 and q?
16
Let i be (1 - 0 - 13/1)/(-1). Calculate the highest common divisor of i and 108.
12
Let o be (2 + -3 - 0) + 3. Let r be 1/(6/21)*o. What is the greatest common factor of r and 63?
7
Suppose -n = 2*h - 9, 0 = h - 6*h - 4*n + 24. Calculate the highest common divisor of h and 36.
4
Let b(w) = 7*w**2 + w - 4. Let i be b(-4). Suppose 0 = -2*u + 94 + i. Calculate the greatest common divisor of u and 11.
11
Suppose -2*p + 108 = -2*a, -173 = -2*p - 2*a - 61. Calculate the highest common factor of p and 5.
5
Suppose -34 = -3*u + 4*n - 6, -4*n + 8 = 0. What is the highest common divisor of u and 132?
12
Let n = 5 - 13. Let a = n - -35. Let i(m) = 3*m. Let o be i(1). What is the greatest common factor of o and a?
3
Let k be 582/(-21) + 4/(-14). Let g = k - -66. What is the highest common divisor of 19 and g?
19
Let h be -2*(-3)/2 + 1. Let m be 18/(-4)*4/(-6). Suppose 0 = -2*q + 5*n + 40, -2*n - m*n = 0. Calculate the highest common divisor of q and h.
4
Let o be 1*5*318/15. Suppose -38 - o = -4*q. Let x = q - 10. What is the highest common factor of x and 13?
13
Let u = 52 - 37. Let l(v) = -v**3 - 3*v**2 - v + 1. Let z be l(-3). Suppose z*j - 666 + 6 = 0. What is the greatest common factor of j and u?
15
Suppose 0 = 5*i + 6 - 1, 602 = 5*h - 2*i. Let y be 5/(-15) - 219/(-9). Calculate the highest common factor of y and h.
24
Suppose 2*u - 20 = -3*u - 5*x, -4*u = x - 28. Calculate the greatest common factor of u and 24.
8
Let s be ((-3)/2)/(2/(-12)). Let p be ((-48)/10)/(s/(-30)). Suppose 0*x + 3*x - 7 = f, 0 = 3*x - 9. What is the greatest common factor of p and f?
2
Let y(j) = -j**2 + 5*j + 39. Let m be y(8). Calculate the greatest common divisor of m and 135.
15
Suppose 14*w + 4*w - 396 = 0. What is the highest common factor of 11 and w?
11
Suppose 3*i - 96 = 2*i. What is the greatest common factor of 16 and i?
16
Suppose -4*c + 19 = -9. Suppose -2*v + 9 = -89. Calculate the highest common factor of v and c.
7
Let k(m) = -m**3 + 4*m**2 + 5*m + 2. Let s be k(-1). Calculate the highest common divisor of s and 8.
2
Suppose r - 20 + 0 = 0. Suppose -2*z = 2*m - 34, 51 = 3*m - 0*m - 5*z. Let h = m + -13. Calculate the greatest common divisor of h and r.
4
Suppose -v + 0*v - 3*u + 20 = 0, -u - 4 = -v. Calculate the highest common factor of v and 72.
8
Let h(n) = n**3 - 6*n**2 - n + 9. Let u be h(9). What is the greatest common divisor of u and 27?
27
Suppose 4*c - 39 = 2*r - 5*r, -r - 2*c + 15 = 0. What is the highest common divisor of 63 and r?
9
Let o(z) = -z**3 + 7*z**2 + 12*z - 16. Let w be o(8). Calculate the greatest common divisor of w and 112.
16
Let c = -77 - -109. Suppose 3*n - 7*n + c = 0. Let d = 65 + -33. What is the greatest common factor of d and n?
8
Suppose m - 1 = 2. Suppose 4*a + 2 = 22. Suppose -m*y + a*y - 16 = 0. What is the greatest common divisor of 24 and y?
8
Suppose 4*h - 50 = 22. Suppose 2*d - 215 = -5*v, v + 4*d + 65 = 2*v. Calculate the greatest common divisor of h and v.
9
Let n(v) = -v**3 + 8*v**2 + 2*v + 3. Let b be n(4). Suppose 0 = -3*i + 2*i - 3*y + 9, 0 = 4*i + y - 58. Calculate the highest common divisor of b and i.
15
Let b = 9 + -13. Let r be 61 - 4/8*b. What is the highest common divisor of r and 9?
9
Suppose -p + z + 16 + 10 = 0, -2*p + 3*z + 54 = 0. Let q = -13 + p. Let k be ((-22)/(-4))/((-1)/(-4)). Calculate the highest common factor of k and q.
11
Suppose 2*q = 4*q - 272. What is the greatest common factor of q and 17?
17
Let z = 1 + 0. Let y = -19 + 9. Let d = -2 - y. Calculate the highest common factor of d and z.
1
Suppose 2*l = 52 + 36. Let b = l - 28. Calculate the highest common divisor of b and 32.
16
Suppose 4*c - 2 = 4*f - 6, -4 = -5*f + 4*c. Suppose 3*h - 20 = -z, z = -f*z + 3*h + 20. What is the greatest common divisor of 10 and z?
10
Let u = -1575 - -2267. Suppose -2*o - 3*j + 356 = -4*j, 3*j = -4*o + u. Calculate the highest common divisor of 16 and o.
16
Suppose 3*a = -18 - 9. Let q = 23 + a. Suppose 5*b - q = -w, 2*w + 8 = -4*b + 6*w. What is the highest common divisor of b and 2?
2
Let o(h) be the second derivative of h**4/2 + 5*h**3/6 - 5*h**2/2 + h. Let q be o(-5). Calculate the greatest common factor of 30 and q.
30
Let b = 59 + 109. What is the greatest common divisor of b and 21?
21
Let y be (7 + -6)*8*-2. Let j be ((-4)/(-7))/(y/(-56)). Calculate the greatest common divisor of 5 and j.
1
Let z(i) = i**2 + 5*i - 3. Let y be z(3). Let m = -86 + 317. What is the highest common factor of m and y?
21
Let i be 0 + (-3)/((-6)/(-8)). Let n be 39/15 - i/10. Suppose n*r + 2*r - 35 = 0. What is the highest common divisor of r and 1?
1
Let v(i) = -24*i + 0*i**2 + 23*i - i**2 - 3*i**3. Suppose 0 = z + 2, 4*j = 8*j + 2*z + 8. Let u be v(j). What is the highest common factor of 3 and u?
3
Let c(s) = 9*s + 11. Let k = 2 + 4. Let o be c(k). Suppose -4*l + 84 = -5*m, 4*m = 2*l - 0*m - 36. What is the greatest common factor of l and o?
13
Let w = -4 + -6. Let i be (-88)/(-5) + 6/w. Calculate the greatest common divisor of i and 187.
17
Let y(r) = r**2 + 6*r. Let i be y(-6). Suppose -5 - 24 = -p. Suppose -4*d - 3*b = -d - 6, i = -4*d + 3*b + p. What is the greatest common factor of d and 5?
5
Suppose 0*b + 4*b = 28. Let u be 7/(-1*3/(-15)). What is the highest common divisor of b and u?
7
Let n = -63 + 18. Let q = 81 + n. Calculate the highest common divisor of 144 and q.
36
Suppose -3*m = 5*h - 59, 0 = 2*m + m + 3*h - 51. Let i be (-42)/(-3) + (-1 - 0). Calculate the greatest common divisor of i and m.
13
Suppose 2*d = 4*j - 118, -j + 5*j - 143 = -3*d. Let u(b) = -b**2 + 10*b + 16. Let k be u(10). What is the greatest common divisor of j and k?
16
Let o(b) = -b**3 - b**2 + 3*b + 2. Let y = 6 - 8. Let q be o(y). Suppose q = 2*x - 180 + 48. Calculate the greatest common factor of x and 6.
6
Let k = 36 + 8. What is the highest common divisor of k and 22?
22
Let h(d) = 154*d + 8. Let b be h(1). What is the greatest common divisor of 18 and b?
18
Suppose 0*a - 15 = -3*a. Calculate the highest common factor of 5 and a.
5
Suppose -29 = -5*d + 1. Let a be 8/d + 2/(-6). Suppose -4*p = 4*i - 16, -4*p + a = 5. What is the greatest common divisor of i and 45?
5
Let w(n) = -6*n - 2 - 3*n + 2*n + 4*n. Let x be w(-2). Calculate the highest common factor of 4 and x.
4
Suppose -4*p - 3*b = -186, -3*b = -b + 4. What is the greatest common factor of 6 and p?
6
Suppose 4*u - 3*z = -z + 22, -8 = -u + z. Let x(m) = 8*m + 1. Let g be x(-1). Let d = 2 - g. What is the highest common factor of d and u?
3
Let u = 6 - 3. Suppose 3*s = -2*s + 350. Suppose -7 = 3*i - s. What is the highest common factor of u and i?
3
Let a(u) = -u**3 + 12*u**2 - 9*u - 4. Let b be a(8). Calculate the greatest common factor of b and 20.
20
Let v(b) = 3*b - 26. Let u be v(11). Calculate the greatest common factor of 63 and u.
7
Let y = 105 + -149. Let l be 2 - (y - (